e o(-26).
-72
Let j(o) = 2*o**3 + 51*o**2 + 353*o + 389. Give j(-11).
15
Let b(h) = -21*h**2 - 16104*h - 80538. Calculate b(-5).
-543
Let r(b) = -b**2 + 736*b - 101959. Calculate r(185).
-24
Let w(i) = -i**3 + 885*i**2 + 21*i - 77. Determine w(0).
-77
Let z(h) = 25*h**2 - 367395*h + 367379. Give z(1).
9
Let p(z) = z**3 + 231*z**2 + 1783*z + 808. What is p(-223)?
1031
Let a(p) = -7*p**2 + 13935*p - 97252. What is a(7)?
-50
Let x(m) = -791*m - 95731. Give x(-121).
-20
Let j(o) = 37245*o - 37231. Calculate j(1).
14
Let i(x) = -17529*x**2 + 70121*x - 30. Determine i(4).
-10
Let w(b) = 469*b**2 + 22506*b - 267. Calculate w(-48).
21
Let q(u) = -u**3 - 221*u**2 + 76*u + 16817. Give q(-221).
21
Let q(i) = -306*i + 55927. Calculate q(179).
1153
Let m(g) = 896*g**2 + 22403*g + 69. Determine m(-25).
-6
Let g(t) = -t**3 + 40*t**2 - 132*t + 800. Determine g(36).
1232
Let c(l) = 190*l**3 + 6*l**2 + 146*l - 153. Determine c(1).
189
Let d(q) = 14291*q + 3315502. Calculate d(-232).
-10
Let k(j) = -3*j**2 - 4142*j - 33182. What is k(-8)?
-238
Let i(a) = 42*a - 256. What is i(-1)?
-298
Let u(t) = t**3 - 261*t**2 - 59975*t - 398. What is u(408)?
10
Let t(h) = 3415*h - 17128. Give t(5).
-53
Let l(t) = -3*t**3 + t**2 + 61*t + 146. Calculate l(-6).
464
Let u(m) = 9*m**3 + 3412*m**2 + 384*m + 1869. Calculate u(-379).
-26
Let k(v) = -41021*v - 328028. Determine k(-8).
140
Let k(d) = 4*d**3 - 95*d**2 - 475*d - 2. What is k(28)?
26
Let o(s) = s**2 - 777*s + 96878. Calculate o(156).
2
Let c(g) = -277*g - 13750. Calculate c(-48).
-454
Let p(m) = 99*m**3 + 1876*m**2 - 93*m - 23. Give p(-19).
-61
Let s(v) = -505*v**2 - 17179*v - 7. What is s(-34)?
299
Let u(h) = -224*h**2 - 162*h - 2. Give u(-2).
-574
Let p(u) = -u**3 - 275*u**2 + 12267*u - 818. Give p(39).
1
Let s(o) = 3*o**2 + 1321*o - 84429. Calculate s(-497).
61
Let w(c) = 27*c**2 + 5459*c + 1002. Determine w(-202).
-8
Let g(x) = x**3 + 73*x**2 - 38*x - 2832. What is g(-73)?
-58
Let z(a) = 5*a**2 + 2120*a + 159757. Give z(-98).
17
Let s(n) = n**3 + 251*n**2 - 755*n + 422. Determine s(-254).
-1356
Let g(n) = n**2 + 10397*n - 880398. Determine g(84).
6
Let j(s) = s**3 - 75*s**2 + 660*s - 62656. Determine j(77).
22
Let f(y) = 3*y**3 + 292*y**2 - 1752*y - 19. Give f(-103).
84
Let z(k) = k**3 - 26*k**2 + 32*k - 137. Calculate z(25).
38
Let z(i) = -i**3 + 35*i**2 + 1475*i - 645. Give z(-25).
-20
Let w(p) = 21*p**3 + 443*p**2 + 801*p - 662. Determine w(-19).
3
Let s(f) = 1004514*f + 8036116. Determine s(-8).
4
Let z(l) = -32*l**2 - 103*l - 396. What is z(-4)?
-496
Let x(z) = -z**3 - 28*z**2 + 2416*z + 55961. Give x(-22).
-95
Let b(p) = -19*p**2 + 127*p + 760. Calculate b(-6).
-686
Let w(v) = -v**3 + 20*v**2 + 100*v - 572. Give w(6).
532
Let g(k) = -635*k**2 + 657*k - 42. Give g(1).
-20
Let d(v) = 192*v - 8822. Calculate d(47).
202
Let i(d) = 2*d**3 + 38*d**2 + 111*d - 114. What is i(-13)?
471
Let m(l) = 177*l + 2651. What is m(0)?
2651
Let v(p) = 4*p**2 + 5*p - 5504. What is v(35)?
-429
Let k(c) = 33*c**3 + 163*c**2 - 1036*c - 5121. Give k(-5).
9
Let l(v) = -2659*v + 16255. Calculate l(6).
301
Let j(c) = -14*c**2 - 219*c - 221. Determine j(-1).
-16
Let o(a) = -939*a + 48860. Calculate o(52).
32
Let g(n) = -2*n**2 - 98*n + 54247. Give g(142).
3
Let v(r) = 8655*r - 277057. Determine v(32).
-97
Let q(x) = -7611*x - 68371. Calculate q(-9).
128
Let u(r) = r**3 - 25*r**2 + 17537*r - 225955. What is u(13)?
-2
Let q(a) = 6593*a + 118678. What is q(-18)?
4
Let o(c) = 2*c**3 + 440*c**2 + 297*c - 30843. What is o(-219)?
36
Let k(q) = 92446*q - 554669. Calculate k(6).
7
Let m(t) = 10968*t + 10782. What is m(-1)?
-186
Let n(o) = -159*o - 16083. Determine n(-100).
-183
Let b(l) = 2*l**3 - 249*l**2 + 7727*l + 485. Give b(65).
-35
Let t(o) = 9*o**2 - 27*o - 170. What is t(-7)?
460
Let a(j) = 7*j**2 + 1740*j + 25314. Give a(-233).
-83
Let v(g) = 25867*g - 465620. What is v(18)?
-14
Let w(r) = 96*r + 13647. What is w(-143)?
-81
Let t(z) = -z**2 - 14*z - 446. Determine t(-19).
-541
Let v(x) = 2*x**3 + 448*x**2 - 445*x + 1124. What is v(-225)?
-1
Let p(o) = 2*o**2 - 358*o - 14730. Determine p(-35).
250
Let x(k) = 4464*k - 709764. Give x(159).
12
Let s(p) = -2*p**3 - 42*p**2 - 6913*p - 13669. Give s(-2).
5
Let y(l) = -19583*l**2 - 1840802*l - 3. Give y(-94).
-3
Let q(f) = -96*f**2 - 1599*f - 1599. Calculate q(-1).
-96
Let c(z) = -592*z - 158004. Determine c(-267).
60
Let j(y) = 42*y + 2820. Give j(-62).
216
Let t(x) = -7*x**3 + 2609*x**2 - 9588*x - 2222. Calculate t(369).
-8
Let q(v) = 16*v**2 + 7390*v - 171332. Determine q(-484).
4
Let s(d) = -2*d**3 - 35*d**2 + 132*d - 323. Give s(-21).
-8
Let u(s) = 2*s**2 + 32*s - 4506. Determine u(-55).
-216
Let t(c) = 2550*c - 28531. Calculate t(11).
-481
Let i(x) = -x**2 + 3835*x + 1139031. Give i(-277).
7
Let k(m) = -2*m**3 + 415*m**2 - 201*m - 1096. Determine k(207).
146
Let n(i) = -i**2 + 748*i - 110156. Calculate n(546).
136
Let b(m) = -2*m**3 - 32*m**2 + 317202*m + 5075236. Calculate b(-16).
4
Let b(s) = -3*s**2 + 29*s - 198. Give b(11).
-242
Let f(a) = -2*a**3 - 75*a**2 + 81*a - 1361. Determine f(-39).
43
Let f(w) = -2563*w - 11758. Calculate f(-5).
1057
Let m(h) = 2*h**2 - 15968*h + 413807. Determine m(26).
-9
Let t(n) = -13*n**3 + n**2 - 54*n + 275. Give t(5).
-1595
Let f(h) = -h**2 - 937*h - 11952. What is f(-13)?
60
Let w(d) = -21147*d - 1. What is w(0)?
-1
Let x(v) = -33*v**2 + 406*v - 922. Give x(3).
-1
Let r(g) = -g**3 - 64*g**2 + 33*g - 6674. Give r(-66).
-140
Let j(r) = 2999*r + 18371. Give j(-6).
377
Let u(w) = -1367*w - 4094. Calculate u(-3).
7
Let c(h) = h**3 + 17*h**2 + 47*h - 180. Calculate c(-7).
-19
Let g(r) = -129*r**2 - 729*r - 2. Give g(-6).
-272
Let u(j) = -j**3 - 69*j**2 - 435*j - 7274. Calculate u(-64).
86
Let j(w) = -6*w**2 + 59*w + 338. What is j(-5)?
-107
Let m(n) = -26*n**2 + 538*n + 424. Determine m(22).
-324
Let r(f) = -12*f**3 - 16*f**2 + 261*f + 10. Give r(4).
30
Let p(w) = -3*w**2 + 784*w - 34188. What is p(206)?
8
Let g(p) = -p**2 + 3709*p + 338086. What is g(-89)?
64
Let r(t) = -150*t + 11270. What is r(75)?
20
Let n(t) = -44*t**2 + 4930*t - 162. Give n(112).
62
Let i(d) = -d**3 + 7*d**2 + 52*d + 27. Determine i(0).
27
Let q(x) = -7678*x + 53737. Calculate q(7).
-9
Let c(f) = 450*f**2 - 8456*f - 8456. Determine c(-1).
450
Let a(x) = 32*x**2 + 1173*x + 11. Give a(-36).
-745
Let g(x) = 3*x**3 - 11*x**2 - 118*x + 15. Calculate g(-7).
-727
Let r(w) = -175*w**2 - 324*w + 971. Give r(3).
-1576
Let q(v) = -42*v**3 - 181*v**2 - 32*v - 61. Calculate q(-4).
-141
Let v(m) = 5*m**2 + 677*m + 16771. Calculate v(-103).
85
Let w(i) = -603*i**3 + 17*i + 20. Determine w(-1).
606
Let o(j) = -j**3 - 874*j**2 + 5688*j - 422004. Calculate o(-881).
-5
Let j(f) = -11*f**3 + 699*f**2 + 317*f + 56. Give j(64).
-136
Let j(z) = 56*z - 1093. Determine j(20).
27
Let y(w) = -21934*w - 1820542. What is y(-83)?
-20
Let k(o) = o**3 + 113*o**2 + 1004*o + 113470. What is k(-113)?
18
Let l(x) = -x**3 - 58*x**2 - 592*x - 50. Calculate l(-15).
-845
Let d(r) = -113*r + 10697. Calculate d(87).
866
Let f(n) = 7*n**3 + 64*n**2 + 808*n + 7128. What is f(-9)?
-63
Let v(i) = -73*i + 1721. Calculate v(25).
-104
Let g(r) = 45*r**2 + 3340*r - 9999. Calculate g(3).
426
Let d(s) = -20*s**3 - 9*s**2 + 13*s + 306. What is d(5)?
-2354
Let x(p) = 37085*p - 556243. Determine x(15).
32
Let q(v) = 2*v**2 + 7692*v + 807406. Give q(-108).
-2
Let h(u) = -u**3 + 399*u**2 - 518*u + 47750. Calculate h(398).
-10
Let w(l) = -9*l**3 + 479*l**2 - 93*l - 486. What is w(53)?
203
Let y(k) = 18671*k - 223969. What is y(12)?
83
Let j(p) = -442*p + 8295. What is j(25)?
-2755
Let f(a) = -21*a**2 - 775*a - 3519. Give f(-31).
325
Let r(n) = -5*n**2 + 2143*n - 173752. Calculate r(320).
8
Let z(y) = -2*y**3 - 909*y**2 + 449*y - 2751. Give z(-455).
-21
Let c(m) = -325*m**2 - 222661*m - 24663. What is c(-685)?
-3
Let t(d) = -2*d**3 - 432*d**2 + 26066*d + 25423. Give t(-265).
-17
Let a(z) = -z**3 - 19*z**2 + 451*z + 3959. What is a(18)?
89
Let n(h) = -h**2 - 12666*h + 1987250. Determine n(155).
-5
Let w(f) = -f**3 - 10*f**2 + 45*f + 313. Calculate w(-11).
-61
Let w(y) = 5*y**2 + 11643*y + 46548. Calculate w(-4).
56
Let x(y) = -6*y**3 - 1226*y**2 - 386*y + 4486. What is x(-204)?
-2
Let v(z) = -38*z**2 - 1502*z + 47. Give v(-40).
-673
Let d(i) =